ded by 110?
107
Let l(j) = -2*j**2 - 63*j + 72. What is the remainder when l(-31) is divided by 15?
13
Calculate the remainder when 44 is divided by (-10)/(-15)*-6*34/(-4).
10
Suppose -1254 = -137*n + 126*n. Calculate the remainder when n is divided by 30.
24
Let i = -306 - -378. What is the remainder when 717 is divided by i?
69
Let v(h) be the first derivative of -2*h**3/3 + 26*h - 2. What is the remainder when v(0) is divided by 7?
5
Suppose -4*z = -6*z, 2 = f - 4*z. What is the remainder when 20 is divided by f?
0
Suppose 5*u - 90 = -3*x + 441, -2*x = u - 347. Suppose 4*s + 5*f = x, -f + 43 = s + 3*f. Calculate the remainder when s is divided by 11.
10
Let z = 19 - 16. Let o(v) = -4*v + 6. Let i be o(5). Let f = -10 - i. Calculate the remainder when f is divided by z.
1
Let u be 18/30 - (-804)/10. Suppose u = y + 2*y. What is the remainder when 27 is divided by y?
0
Let f be 22/(-6) - (-5)/(-15). Let c(t) = t**2 + 3. What is the remainder when c(f) is divided by 6?
1
Let l be ((-70)/16 - -4)*-78*-4. Let a = -77 - l. What is the remainder when a is divided by 14?
12
Let l = -31 + 52. Suppose 17*m = l*m - 44. What is the remainder when 30 is divided by m?
8
Suppose -3*q - 3*v = -12, 0 = -6*q + 11*q + v - 16. Calculate the remainder when 89 is divided by q.
2
Let m(p) = p**3 - 5*p**2 + p - 1. Let l be m(5). Let y be (14/8)/(2/(4 - -4)). Let i = y + l. What is the remainder when 20 is divided by i?
9
Let d = 9 - 5. Let i = 28 - d. Calculate the remainder when 45 is divided by i.
21
Let i = -66 + 101. Suppose 0 = -6*c + i + 121. Calculate the remainder when c is divided by 16.
10
Suppose l = -r - 8, 2*r + l = 3 - 20. Calculate the remainder when 25 is divided by (-162)/(-10) + r/45 + -2.
11
Suppose 33*i - 26*i - 56 = 0. What is the remainder when 109 is divided by i?
5
Suppose -19*z + 10759 = 10*z. Calculate the remainder when z is divided by 98.
77
Let u(i) = -51*i**2 + i - 4. Let f(p) = p**2 - p + 1. Let v(d) = -3*f(d) - u(d). Calculate the remainder when v(-1) is divided by 10.
7
Let o(b) = 4 + 6*b**2 - 65*b - 3 + 62*b + 5. What is the remainder when 94 is divided by o(2)?
22
Suppose -4*q - 4*k = 164, -5*q - 322 = -4*k - 108. Let d = q + 54. What is the remainder when 33 is divided by d?
9
Let a(z) = 2*z**3 + 7*z**2 - 10*z + 4. What is the remainder when a(4) is divided by 41?
40
Let c(f) = 5*f - 8. Let m = 34 + -28. What is the remainder when 52 is divided by c(m)?
8
Suppose 4*n = 4*l - 52 - 60, -5*l - 2*n + 147 = 0. Calculate the remainder when 41 is divided by l.
12
Suppose -10 = 3*y - 4. Let b = y + 7. Suppose 0 = j - b*j + 8. Calculate the remainder when j is divided by 2.
0
Let j(g) = -g**3 + 6*g**2 - 7*g + 5. Let n be j(5). Let m(w) = 2*w**2 + 8*w + 10. What is the remainder when 79 is divided by m(n)?
19
Suppose 2*g - 2*d + 4 = -4*d, 0 = 2*g + 4*d - 6. Let c = -59 - g. Let l = c + 130. Calculate the remainder when l is divided by 20.
18
Let m(b) = b**3 - 12*b**2 + 7*b + 15. Let s be m(13). Suppose 5*r + 5*y = s, 0*y - y = 0. Calculate the remainder when r is divided by 15.
10
Suppose -4*g - 3*j = 3, 7 = g + 3*g + j. Suppose 4*o - 32 = -0*o. Calculate the remainder when o is divided by g.
2
Let b(k) = -k**3 + 22*k**2 + 10*k - 6. Let g be b(22). Let l = g + -78. Calculate the remainder when l is divided by 46.
44
Suppose -v - 13 + 69 = 0. Calculate the remainder when 390 is divided by v.
54
Let g(u) be the first derivative of -u**2/2 + 5*u - 8. What is the remainder when (0 - 0 - 101)*-1 is divided by g(-21)?
23
Let w(b) = 0 - 6*b - 3*b + 2 - 7. Calculate the remainder when 59 is divided by w(-4).
28
Suppose -7275 = 637*b - 652*b. What is the remainder when b is divided by 18?
17
Let k(j) = -22*j + 125. Calculate the remainder when 181 is divided by k(4).
33
Let t = -8 + 12. Suppose -2*r = -t*b + 2, -2*b - 7*r + 31 = -2*r. Let k(y) = -y**3 + 18*y**2 - 17*y + 2. Calculate the remainder when b is divided by k(17).
1
Suppose -312 = 6*p + 1062. Let f = -153 - p. Calculate the remainder when f is divided by 40.
36
Suppose 4*i - 19 = 121. Let x = 3205 + -3137. What is the remainder when x is divided by i?
33
Calculate the remainder when 91 is divided by (-50 - 1)*12/(-36).
6
Let l = 2055 + -1997. What is the remainder when 269 is divided by l?
37
Let j(o) = -19*o**3 + 5*o**2 + 17*o + 40. Calculate the remainder when j(-4) is divided by 10.
8
Suppose -6*j = -j. Suppose 0 = 2*v + 6, 0*m - 2*v = 2*m - 170. Suppose -2*f + m + 174 = j. Calculate the remainder when f is divided by 33.
32
Suppose -6*j + 6 = -3*j. Suppose -q + 6*q = -4*d + 68, 2*q = j*d - 34. Calculate the remainder when 717/11 - 10/55 is divided by d.
14
Let q(m) = 2*m**2 - 2 + 0*m + 8*m**2 - m - 2*m**2. Let g be (5 + -2)*(-1 - (-10)/6). What is the remainder when 81 is divided by q(g)?
25
Suppose -68*a = -8*a - 1500. Calculate the remainder when (-124)/(-1) + -1 + 1 is divided by a.
24
Let y = 45 + -40. Suppose -5*q = 5*s - 70, -2*s - 51 = -4*q - y*s. Let n = -26 - -69. Calculate the remainder when n is divided by q.
7
Let q(n) = -2*n**2 + 105*n - 103. What is the remainder when 96 is divided by q(51)?
46
Suppose 3*o - 10 = -2*o. What is the remainder when (1 + 0)/(o/(-3 - -141)) is divided by 18?
15
Suppose 0 = 4*o - 2*o - 18. Suppose -5*r - 188 = -o*r. Calculate the remainder when r is divided by 24.
23
Let z = 19 - 17. Let v(t) = -3*t + 0 - 2*t + 2 + 27*t. Calculate the remainder when v(z) is divided by 16.
14
Let y = -386 - -253. Let a = -86 - y. Calculate the remainder when a is divided by 6.
5
Suppose -6*h + 325 + 875 = 0. Calculate the remainder when h is divided by 29.
26
Let o be 2/(2/77*-1). Let w = -38 - o. What is the remainder when w is divided by (-44)/(-8)*4 + -1?
18
Suppose 0 = -6*r - r + 112. Suppose 12*d + 24 = r*d. Calculate the remainder when 9 is divided by d.
3
Let w be -89 - (3*-2 + 4). Let q = 145 + w. What is the remainder when q is divided by 15?
13
Let z be 2/5 + 24/15. Suppose 5*j - 230 = 2*h - 4*h, z*j + 5*h - 71 = 0. Let p = j + -25. What is the remainder when 43 is divided by p?
20
Let h = -33 - -164. Calculate the remainder when h is divided by (-10)/(-14) - (-126957)/2933.
43
Suppose z = -3*l + 5*z + 3742, 4*z = 5*l - 6234. Calculate the remainder when l is divided by 78.
76
Let m be 3830/25 - 1/5. Let a be m/9 + 1 + -4. Let b(t) = 5*t + 8. Calculate the remainder when b(a) is divided by 20.
18
Let h(i) = -3*i + 5. Let r be h(8). Let f = -7 - r. Suppose 4*b - 141 = b. Calculate the remainder when b is divided by f.
11
Let p(d) = -17*d - 361. What is the remainder when 116 is divided by p(-22)?
12
Calculate the remainder when 313 - (7 - 2)*(0 + -1) is divided by 32.
30
Suppose -5*s + 22 = -3*s + 4*r, 2*s - 3*r - 43 = 0. Suppose v + 4 = s. Suppose 0*h = -3*h + 144. What is the remainder when h is divided by v?
9
Let b(h) = h**2 + 24*h + 27. Let v be b(-23). Suppose v*n - 18 = 2*n - 4*p, p = 0. What is the remainder when 49 is divided by n?
4
Let r(l) = -l**2 + 44*l + 90. What is the remainder when r(39) is divided by 72?
69
Suppose -15*z + 184 = 31*z. Suppose -5*k - 3*b = b - 70, -k = b - 15. What is the remainder when k is divided by z?
2
Let q(i) = -23*i - 16. What is the remainder when q(-1) is divided by 4?
3
Let n = -23 - 17. Let v = n - -57. Suppose 0 = 5*p - v - 48. What is the remainder when 24 is divided by p?
11
Let m = -163 - -27. Let h = -38 - m. What is the remainder when h is divided by 10?
8
Suppose -2*g - 60 = -7*g. What is the remainder when 157 is divided by 44 - 12/(g/4)?
37
Let o = 1128 - 993. What is the remainder when o is divided by 18?
9
Suppose 34 = -s + 3*s + 4*c, -s - 8 = -3*c. Let b = -6 - -11. Suppose b*i - o = 49, -s = -2*i + 4*o + 9. What is the remainder when 17 is divided by i?
7
Suppose 36 = -8*r + 228. Let k(n) = -n**3 - 4*n**2 + 3*n - 2. What is the remainder when r is divided by k(-5)?
0
Suppose 5*n - 29*a + 25*a = 5, 0 = 3*n + 2*a - 3. What is the remainder when 177 is divided by n?
0
Let h = -449 - -857. What is the remainder when 65 is divided by 10/(-4)*h/(-30)?
31
Suppose 3*a - a - 5*m = 21, 3*a - 45 = 3*m. Suppose 2*n = -3*n - 10. What is the remainder when a is divided by 12/(-8) + (-17)/n?
4
Let h be (0 - 4)*111/(-12). Suppose h = 2*u - 2*c - 5, 5*u - 89 = -3*c. Suppose l + 2*r - 11 = 0, -8 = 3*r - 14